, -3*f = -5*f - 2*l - 104. What are the prime factors of (-164)/f + -3 - (-2856)/26?
2, 5, 11
Let i(r) = 161*r + 251. What are the prime factors of i(7)?
2, 13, 53
Suppose 4*w - 2 = i, -w + 2 = 4*i - 5*i. Suppose w*v = -5*v + 25. What are the prime factors of (-1696)/(-14) + v/(-105)*3?
11
List the prime factors of (2 - -15)*62 + ((-1350)/15)/(-18).
3, 353
Let o = 33908 + -21206. What are the prime factors of o?
2, 3, 29, 73
Let n be ((-20)/(-15))/(0 - 3/(-27)). Suppose 5*h + 5 = 0, 0 = 4*s + h + n - 3. What are the prime factors of ((-609)/(-28))/1 - s/8?
2, 11
Let g be (-103)/3 - (-7 - 40/(-6)). Let f = g + 34. List the prime factors of (-276)/8*(-2 - f).
3, 23
Let t(d) = -d**2 + 131*d - 140. What are the prime factors of t(70)?
2, 5, 7, 59
Suppose -35*h = 13*h - 33*h - 72495. What are the prime factors of h?
3, 179
List the prime factors of (-3)/(-7) - 51/((-14994)/1941744).
5, 1321
Let o(y) = y**3 + 28*y**2 - 39*y - 69. Let u be ((-232)/(-12))/(50/(-75)). What are the prime factors of o(u)?
13, 17
Let k be 128/(-12)*(-3)/2. Let m be k/(-12) + (-1)/(-3) + 1. What are the prime factors of 14 - (m/2 + (-13)/13)?
3, 5
Suppose -12 = -4*b - 3*t, -4*t = -b - 5*t + 4. Suppose b = -j - j + 4. What are the prime factors of (-80)/32*-11*j?
5, 11
Suppose 0 = -7*m - 22*m - 87. List the prime factors of (-3080)/m + 100/75.
2, 257
Let d(a) = 16*a**2 + 100*a - 1001. List the prime factors of d(29).
5, 37, 83
Suppose -5*m = -3*n + 33, 0*n + 12 = 4*n + 4*m. Suppose -n*b = -11*b + 10, -5*s + 1100 = -5*b. What are the prime factors of s?
2, 3, 37
Suppose 3*o - 10 = -u + 8, 22 = 2*o + 4*u. Let r(k) = k**3 - 5*k**2 - 3*k + 15. Let q be r(o). What are the prime factors of 2/(q + (-2)/(-77))?
7, 11
Let d be 8/6 - 6/(-9)*7. List the prime factors of 1283/1 + (d - (10 + -1)).
2, 5
Let n(r) be the first derivative of r**4/2 - 52*r**3/3 + r**2/2 - 32*r - 45. Let w be n(26). What are the prime factors of 6685/30 + -3 + (-1)/w?
2, 5, 11
Suppose -q - b = 4*b + 33, -4*q = -2*b + 154. Suppose 133 = -9*s + 547. Let z = q + s. List the prime factors of z.
2
Suppose 48 - 60 = -3*c. Suppose -3*w = 6, -12*n + c*w + 122 = -9*n. List the prime factors of n.
2, 19
Let a(b) = -b**2 + 14*b + 12. Let r be a(11). Suppose -49*q = -r*q - 804. List the prime factors of q.
3, 67
Let f = 10621 - 5932. What are the prime factors of f?
3, 521
What are the prime factors of 885168/63 - (-5)/7?
14051
Let y = -9 - 3. Let r = y - -2. Let t(x) = x**3 + 11*x**2 + 3*x. What are the prime factors of t(r)?
2, 5, 7
Let f = -102176 - -152891. List the prime factors of f.
3, 5, 7, 23
Let n(j) = 12*j**2 - 53*j - 21. Let y be (1 - -3)*(-11)/(-4). What are the prime factors of n(y)?
2, 53
Let x(t) = -2*t**3 + 2*t + 3*t**3 + 5 - 3*t**2 + 0*t**3. Let i = -1712 + 1715. What are the prime factors of x(i)?
11
Suppose -5*x = 5*k - 15, -k - 15 = -4*k + 3*x. Suppose -4*u = k*y, -3*y = u - 4*y. Suppose 3*h + 2*p = 527, 4*h - 716 = -u*h + 4*p. List the prime factors of h.
3, 59
Let k be -6 + 5 + 6/((-6)/7). List the prime factors of k - (-161588)/119 - 4/(-34).
2, 3, 5
Suppose 6*d = 3*a - 15042, 6*a - a - 4*d - 25094 = 0. List the prime factors of a.
2, 3, 31
Suppose w = -5*x - 582, 1746 = -8*w + 5*w - 5*x. Let i = -339 - w. Suppose -m = 5*v + 208 - 850, 0 = 2*v + 5*m - i. List the prime factors of v.
3, 43
Suppose -g + 3*q = -6046, 0 = 3*g - 10*q + 12*q - 18215. What are the prime factors of g?
6067
Let c(b) = b**2 + 8*b - 5. Let f be c(-9). Let u be ((-6)/(-9)*-58)/(f/(-30)). Suppose 4*p - u = -6*p. What are the prime factors of p?
29
Suppose 38 = -2*b + w, b + 11 + 13 = 3*w. Let d be (404/(-36) - 4/b)*-1. Suppose d*v - 1408 = -341. List the prime factors of v.
97
List the prime factors of (82/(-902) - 130308/(-22)) + 5.
2, 3, 13, 19
Let s(q) = -q**2 + 13*q + 1. Let i be s(13). Let a be (-8)/(-14)*i/(-4)*-14. Suppose -765 = -a*k - k. List the prime factors of k.
3, 5, 17
Suppose 5*t + 15 = 0, 11*t = -4*h + 13*t + 176454. List the prime factors of h.
2, 3, 919
Let m be 18/24*-4 - -9. Suppose g = -2*j + m*g + 394, -5*j + 950 = 5*g. List the prime factors of j.
2, 3
Suppose 0 = -4*h - 2*q - 44840 + 337066, 3*h - 219168 = -2*q. List the prime factors of h.
2, 36529
List the prime factors of (-2958516)/248*4/(-2).
3, 11, 241
Let r be -37 - ((-70)/(-22) + 6/(-33)). Let y = 75 + r. Let x = y + 36. List the prime factors of x.
71
Suppose 70*b = 25*b + 256455. What are the prime factors of b?
41, 139
Let q(p) = -p**3 - 12*p**2 + 14*p + 17. Let u be q(-13). Let k be u + -3 + 0 + -2*1. What are the prime factors of 3990/48 + 14/16 + k?
83
Suppose -118*n + 1557625 - 675161 = -1208732. List the prime factors of n.
2, 8861
Let o(a) = -208*a + 6. Let r(q) = -69*q + 2. Let m(v) = 3*o(v) - 8*r(v). Let f(k) = 3*k - 106. Let l be f(35). What are the prime factors of m(l)?
2, 37
Let z(x) = 17*x**2 + 2*x. Let g be z(1). Suppose l = g*l - 21204. What are the prime factors of l?
2, 19, 31
Let t(s) = 430*s**2 + 16*s - 31. What are the prime factors of t(4)?
31, 223
Let a(m) = 417*m**2 + 162*m - 930. What are the prime factors of a(6)?
2, 3, 13, 193
Suppose 2*m - 28 = -4*l, -1 + 9 = 2*m - l. List the prime factors of 195 - (-1 - (0 - m)).
2, 5, 19
Suppose 0 = 5*v - 6*y - 397119, 23 = 3*y + 35. List the prime factors of v.
3, 23, 1151
Suppose 4 = 2*a + 4*y, 0 = -3*a - 4*y - 1 + 9. Suppose -a*v - 2*s = -14, -2 = v - 4*s + 17. What are the prime factors of 18*(v + (-35)/(-5))?
2, 3
Suppose 0 = g + 4*f - 395, -g + 0*f = -3*f - 395. Suppose -g - 797 = -4*d. Let z = d - 163. What are the prime factors of z?
3, 5
Suppose 36 = 8*x - 5*x - 2*o, -3*x + o + 33 = 0. What are the prime factors of 3 - 35/x - 810/(-4)?
2, 101
Let w(f) = 5*f**3 - 2*f**2 - 8*f - 10. Let t be w(8). Suppose 49*z = 55*z - t. Suppose 1551 = 6*j + z. What are the prime factors of j?
193
Let q(m) = 24 - 62 + 16 + 16 - 9*m. List the prime factors of q(-9).
3, 5
Suppose -8*r + 108 = 4*r. Suppose 0*l - r*l + 621 = 0. List the prime factors of l.
3, 23
Let t(x) = 4*x - 9. Let l be t(5). Let m = -9 + l. Suppose 2*s + g + 3*g = 268, m*s - 5*g = 223. What are the prime factors of s?
2, 31
Suppose 6*y - 2*y - 18 = -5*i, 4*i = -3*y + 14. Let x(a) = -8*a**i + 1 - a**3 - 5*a - 17 - 4*a**2 + 2*a**2. What are the prime factors of x(-11)?
2, 5
Let u(n) = -426*n - 7. Let r be u(-5). Let t = r + -531. List the prime factors of t.
2, 199
Suppose 2*u + 5*l = 25541, l = 11*u - 10*u - 12767. Suppose -u = -15*b - 4*b. What are the prime factors of b?
2, 3, 7
Suppose 0 = -2*k + 2*g + 51902, -162*k - 4*g = -159*k - 77811. What are the prime factors of k?
5, 5189
Suppose 2*o - 12 = 0, -4*l - 2*o - 35563 = -9*l. List the prime factors of l.
5, 1423
Let s(n) = -7*n**3 + 11*n**2 + 5*n + 15. Let r be s(-5). Suppose 7*p - 1233 - r = 0. What are the prime factors of p?
3, 113
Suppose f + 122985 = 4*w, -1533*w = -1529*w + 2*f - 122982. List the prime factors of w.
2, 15373
Let p be ((-18)/36)/(1/(-6)). Suppose -5*t + 3466 = 5*b + 1066, -p*b = -3*t - 1416. List the prime factors of b.
2, 7, 17
Let r be (124/16 - 4)*4. Suppose 0 = r*l - 9367 - 8963. What are the prime factors of l?
2, 13, 47
Let d = -102 - -304. Suppose -9*y + d = -248. What are the prime factors of y?
2, 5
Suppose 83*l - 85*l + 12 = 0. Let p(g) = 13*g**2 + 26*g - 17. What are the prime factors of p(l)?
607
Suppose 2*r + 88 = -3*y + 936, -845 = -3*y + r. Suppose -183 - y = -3*p. Let t = p - -25. List the prime factors of t.
2, 3, 5
Suppose 2*b - 1711 - 686 = 5*t, 3*b - 3638 = -t. List the prime factors of b.
7, 173
Suppose -3*c = -3*f - 2*c + 5846, 2*c + 10 = 0. What are the prime factors of (-2)/14 - f/(-7)?
2, 139
Let x(g) = g**2 + 3*g + 4. Let o be x(-3). Suppose 25*h = -6*h + 3*h. Suppose o*z + h*z = 264. What are the prime factors of z?
2, 3, 11
Suppose -21*k - 8017 = -2473. What are the prime factors of (k/(-36))/((-4)/(-30))?
5, 11
Let b(k) = k**3 + 15*k**2 - k + 2. Let a be b(-15). Let o = -15 + a. Suppose -156 = -5*l + 4*t, -o*t - 27 - 3 = -l. List the prime factors of l.
2
Suppose 3*u = -3*u + 4026. Let v = -992 + u. Let d = v - -464. List the prime factors of d.
11, 13
What are the prime factors of 19136/(-24)*63/(-28)?
2, 3, 13, 23
Let i(o) = o**2 + 1. Let a(m) = 12*m**2 + 9*m + 22. Let g(u) = a(u) + 5*i(u). List the prime fac